 is the remainder when 651262 is divided by 31?
14
Calculate the remainder when 39332527 is divided by 587.
5
What is the remainder when 439316 is divided by 2354?
1472
Calculate the remainder when 783664977 is divided by 1190.
1187
Calculate the remainder when 1058223 is divided by 248.
7
Calculate the remainder when 56230 is divided by 786.
424
Calculate the remainder when 166406 is divided by 4266.
32
What is the remainder when 1869072 is divided by 77876?
48
What is the remainder when 1753601 is divided by 8812?
13
Calculate the remainder when 2232043 is divided by 33.
22
What is the remainder when 849892 is divided by 215?
212
What is the remainder when 1077976 is divided by 153841?
1089
What is the remainder when 6102296 is divided by 635?
581
What is the remainder when 1014349 is divided by 3743?
3739
What is the remainder when 77242 is divided by 38569?
104
What is the remainder when 851968 is divided by 8191?
104
Calculate the remainder when 163339 is divided by 1654.
1247
Calculate the remainder when 2273673 is divided by 152.
57
Calculate the remainder when 1571297 is divided by 1023.
992
What is the remainder when 27239 is divided by 1241?
1178
Calculate the remainder when 17267557 is divided by 8633762.
33
Calculate the remainder when 9140975 is divided by 336.
95
What is the remainder when 139036 is divided by 7312?
108
Calculate the remainder when 7071 is divided by 1095.
501
Calculate the remainder when 1156682 is divided by 2712.
1370
Calculate the remainder when 40878 is divided by 4288.
2286
What is the remainder when 290148 is divided by 144815?
518
Calculate the remainder when 23226764 is divided by 11613371.
22
Calculate the remainder when 49006192 is divided by 155.
152
What is the remainder when 53202 is divided by 50865?
2337
Calculate the remainder when 2373785188 is divided by 105.
103
Calculate the remainder when 10511807 is divided by 1313975.
7
What is the remainder when 46185064 is divided by 47?
44
What is the remainder when 196691 is divided by 11569?
18
Calculate the remainder when 144100 is divided by 42.
40
What is the remainder when 17104649 is divided by 111?
104
Calculate the remainder when 312659 is divided by 34440.
2699
Calculate the remainder when 526260 is divided by 130869.
2784
Calculate the remainder when 351726 is divided by 70321.
121
Calculate the remainder when 47079864 is divided by 238.
132
What is the remainder when 228814 is divided by 5435?
544
Calculate the remainder when 1820003399 is divided by 40.
39
Calculate the remainder when 64277 is divided by 6420.
77
What is the remainder when 320118 is divided by 106464?
726
Calculate the remainder when 59949 is divided by 949.
162
Calculate the remainder when 10361350 is divided by 2590331.
26
What is the remainder when 218544 is divided by 342?
6
What is the remainder when 989109 is divided by 926?
141
What is the remainder when 1865848 is divided by 4562?
4552
Calculate the remainder when 92238 is divided by 1880.
118
What is the remainder when 22616467 is divided by 11308230?
7
What is the remainder when 221246 is divided by 3301?
79
What is the remainder when 21935 is divided by 20699?
1236
Calculate the remainder when 13093439 is divided by 503592.
47
What is the remainder when 10710 is divided by 2470?
830
Calculate the remainder when 750118 is divided by 39478.
36
Calculate the remainder when 1866353 is divided by 5725.
3
Calculate the remainder when 187427 is divided by 684.
11
What is the remainder when 4484583 is divided by 4484580?
3
What is the remainder when 293941 is divided by 337?
77
What is the remainder when 10484377 is divided by 3494792?
1
What is the remainder when 116743 is divided by 213?
19
Calculate the remainder when 11471745 is divided by 260.
25
What is the remainder when 57023 is divided by 14189?
267
What is the remainder when 362850 is divided by 455?
215
What is the remainder when 32330836 is divided by 769778?
160
Calculate the remainder when 5353255 is divided by 159.
43
What is the remainder when 18782607 is divided by 6260868?
3
What is the remainder when 1990137 is divided by 42?
9
What is the remainder when 1768959 is divided by 23?
6
What is the remainder when 40214 is divided by 3787?
2344
Calculate the remainder when 559367 is divided by 610.
607
What is the remainder when 102890927 is divided by 3632?
3631
Calculate the remainder when 11101228 is divided by 199.
13
What is the remainder when 18627896 is divided by 304?
296
Calculate the remainder when 21780 is divided by 3601.
174
What is the remainder when 168261 is divided by 13457?
6777
What is the remainder when 409840 is divided by 2628?
2500
What is the remainder when 822618 is divided by 3360?
2778
Calculate the remainder when 12624132 is divided by 8000.
132
Calculate the remainder when 106587 is divided by 1944.
1611
Calculate the remainder when 849466 is divided by 1994.
22
What is the remainder when 934754 is divided by 7483?
6862
Calculate the remainder when 435585 is divided by 132.
117
Calculate the remainder when 256368 is divided by 555.
513
What is the remainder when 3362625 is divided by 331?
327
What is the remainder when 219195 is divided by 35276?
7539
What is the remainder when 228369 is divided by 114110?
149
Calculate the remainder when 1021045 is divided by 1870.
25
Calculate the remainder when 1726211 is divided by 582.
581
What is the remainder when 16969808 is divided by 3?
2
What is the remainder when 30065776 is divided by 589525?
1
Calculate the remainder when 396645 is divided by 56650.
95
What is the remainder when 3385084 is divided by 24?
4
What is the remainder when 6173261 is divided by 1054?
1037
Calculate the remainder when 402990 is divided by 248.
238
What is the remainder when 125018 is divided by 41628?
134
What is the remainder when 4416823 is divided by 26768?
103
What is the remainder when 95644378 is divided by 6831740?
18
Calculate the remainder when 81725494 is divided by 89.
87
What is the remainder when 87409 is divided by 7919?
300
What is the remainder when 7465913 is divided by 44?
37
Calculate the remainder when 816234 is divided by 20923.
237
What is the remainder when 20504908 is divided by 84731?
6
What is the remainder when 509848 is divided by 1120?
248
Calculate the remainder when 23799 is divided by 7890.
129
Calculate the remainder when 9220309 is divided by 5629.
7
What is the remainder when 24932327 is divided by 120446?
5
What is the remainder when 99890506 is divided by 8987?
1
Calculate the remainder when 79904 is divided by 310.
234
Calculate the remainder when 159598 is divided by 53063.
409
What is the remainder when 236478 is divided by 4041?
2100
What is the remainder when 4982362 is divided by 3214?
662
What is the remainder when 355076 is divided by 9594?
98
What is the remainder when 84139530 is divided by 182?
20
Calculate the remainder when 218369 is divided by 54580.
49
What is the remainder when 40417 is divided by 19957?
503
Calculate the remainder when 170649 is divided by 720.
9
Calculate the remainder when 4480 is divided by 837.
295
Calculate the remainder when 4152526 is divided by 27869.
45
What is the remainder when 5311947 is divided by 205?
192
What is the remainder when 22927480 is divided by 120?
40
What is the remainder when 672220 is divided by 112?
108
Calculate the remainder when 78903067 is divided by 46.
3
What is the remainder when 7340 is divided by 793?
203
What is the remainder when 38087205 is divided by 696?
693
Calculate the remainder when 1047234 is divided by 217.
209
What is the remainder when 5891957 is divided by 967?
26
What is the remainder when 4633600 is divided by 1158395?
20
What is the remainder when 229621248 is divided by 57?
54
What is the remainder when 562927 is divided by 8526?
211
Calculate the remainder when 78267003 is divided by 12.
3
Calculate the remainder when 28549 is divided by 4569.
1135
Calculate the remainder when 10308846 is divided by 10371.
72
Calculate the remainder when 1528376 is divided by 2457.
122
Calculate the remainder when 8012640 is divided by 216557.
31
Calculate the remainder when 244512 is divided by 757.
1
Calculate the remainder when 757314 is divided by 126026.
1158
What is the remainder when 56